{"version":"1.0","provider_name":"Ceran","provider_url":"https:\/\/www.ceran.com\/fr\/","author_name":"axome","author_url":"https:\/\/www.ceran.com\/fr\/author\/axome\/","title":"Nos formations professionnelles","type":"rich","width":600,"height":338,"html":"<blockquote class=\"wp-embedded-content\" data-secret=\"uSYjECIGeQ\"><a href=\"https:\/\/www.ceran.com\/fr\/apprendre-une-langue\/nos-formations-professionnelles\/\">Nos formations professionnelles<\/a><\/blockquote><iframe sandbox=\"allow-scripts\" security=\"restricted\" src=\"https:\/\/www.ceran.com\/fr\/apprendre-une-langue\/nos-formations-professionnelles\/embed\/#?secret=uSYjECIGeQ\" width=\"600\" height=\"338\" title=\"\u00ab\u00a0Nos formations professionnelles\u00a0\u00bb &#8212; Ceran\" data-secret=\"uSYjECIGeQ\" frameborder=\"0\" marginwidth=\"0\" marginheight=\"0\" scrolling=\"no\" class=\"wp-embedded-content\"><\/iframe><script>\n\/*! This file is auto-generated *\/\n!function(d,l){\"use strict\";l.querySelector&&d.addEventListener&&\"undefined\"!=typeof URL&&(d.wp=d.wp||{},d.wp.receiveEmbedMessage||(d.wp.receiveEmbedMessage=function(e){var t=e.data;if((t||t.secret||t.message||t.value)&&!\/[^a-zA-Z0-9]\/.test(t.secret)){for(var s,r,n,a=l.querySelectorAll('iframe[data-secret=\"'+t.secret+'\"]'),o=l.querySelectorAll('blockquote[data-secret=\"'+t.secret+'\"]'),c=new RegExp(\"^https?:$\",\"i\"),i=0;i<o.length;i++)o[i].style.display=\"none\";for(i=0;i<a.length;i++)s=a[i],e.source===s.contentWindow&&(s.removeAttribute(\"style\"),\"height\"===t.message?(1e3<(r=parseInt(t.value,10))?r=1e3:~~r<200&&(r=200),s.height=r):\"link\"===t.message&&(r=new URL(s.getAttribute(\"src\")),n=new URL(t.value),c.test(n.protocol))&&n.host===r.host&&l.activeElement===s&&(d.top.location.href=t.value))}},d.addEventListener(\"message\",d.wp.receiveEmbedMessage,!1),l.addEventListener(\"DOMContentLoaded\",function(){for(var e,t,s=l.querySelectorAll(\"iframe.wp-embedded-content\"),r=0;r<s.length;r++)(t=(e=s[r]).getAttribute(\"data-secret\"))||(t=Math.random().toString(36).substring(2,12),e.src+=\"#?secret=\"+t,e.setAttribute(\"data-secret\",t)),e.contentWindow.postMessage({message:\"ready\",secret:t},\"*\")},!1)))}(window,document);\n\/\/# sourceURL=https:\/\/www.ceran.com\/wp-includes\/js\/wp-embed.min.js\n<\/script>\n","description":"Formation pour les professionnelsContactez-nous Les formations CERAN ont pour objectif de r\u00e9pondre \u00e0 tous vos besoins sp\u00e9cifiques linguistiques. D\u00e9couvrez toutes nos formations professionnelles pour d\u00e9velopper la ma\u00eetrise de la langue de votre choix de mani\u00e8re intensive et rapide. Nos formations r\u00e9sidentielles Certaines de nos formations sont propos\u00e9es en formule r\u00e9sidentielle. Les formations r\u00e9sidentielles du CERAN [&hellip;]","thumbnail_url":"https:\/\/www.ceran.com\/wp-content\/uploads\/2022\/01\/forme1-150x95.png","thumbnail_width":"","thumbnail_height":""}

Formation pour les professionnelsContactez-nous Les formations CERAN ont pour objectif de répondre à tous vos besoins spécifiques linguistiques. Découvrez toutes nos formations professionnelles pour développer la maîtrise de la langue de votre choix de manière intensive et rapide. Nos formations résidentielles Certaines de nos formations sont proposées en formule résidentielle. Les formations résidentielles du CERAN [&hellip;]
